10
In base 10, what is -14124586 - -8?
-14124578
In base 3, what is 1000200 + 2020101001?
2021101201
In base 3, what is -222102110102221 - 102?
-222102110110100
In base 7, what is -115 - 16236304?
-16236422
In base 3, what is 20221 + 10001002110100?
10001002201021
In base 7, what is 10 - -22653262?
22653302
In base 9, what is 114820 + 48?
114868
In base 14, what is -2 - -bc0489?
bc0487
In base 14, what is -646a156 - -5?
-646a151
In base 6, what is -3312013 + -1255?
-3313312
In base 6, what is 122302 - -51233?
213535
In base 12, what is -839 + -1869a?
-19317
In base 14, what is 11b3 - 1a16?
-843
In base 3, what is 111110200210110 - 120?
111110200202220
In base 7, what is -20461422 - 6?
-20461431
In base 16, what is 7 - 4560e?
-45607
In base 10, what is 170252015 + 5?
170252020
In base 16, what is -c4ad - -e?
-c49f
In base 7, what is -4 - 142461306?
-142461313
In base 14, what is 3b4 - 1b26b?
-1ac97
In base 10, what is -15 - 423865?
-423880
In base 14, what is -5 - -b4dbbd?
b4dbb8
In base 2, what is -100010 - 10011110100010001001?
-10011110100010101011
In base 9, what is 78370036 + 18?
78370055
In base 4, what is -12202002 - -102?
-12201300
In base 16, what is -53241 - 1d?
-5325e
In base 7, what is 0 - -2104311440?
2104311440
In base 16, what is 0 + -1fcf10e?
-1fcf10e
In base 3, what is 1211011 - 110120001?
-101201220
In base 5, what is -40130 - 11014?
-101144
In base 5, what is 1100040031 - 2?
1100040024
In base 13, what is -25878 - 9c7?
-26572
In base 7, what is -34321231 - 4?
-34321235
In base 4, what is 20111102013 + -2103?
20111033310
In base 4, what is -32 - -1322213112?
1322213020
In base 12, what is 3b + 1093b9?
109438
In base 9, what is 63733 - 884?
62738
In base 9, what is -3454 - 3150?
-6614
In base 4, what is -2333122101300 - 2?
-2333122101302
In base 2, what is -1101011101000101 + -1110011000001?
-1111010000000110
In base 13, what is -13311 + -33b?
-1364c
In base 4, what is -10 - -13211230311212?
13211230311202
In base 9, what is -14 + -1226823?
-1226837
In base 11, what is -962 - a755?
-10607
In base 15, what is 20 - 34d868?
-34d848
In base 16, what is 33f + -69151?
-68e12
In base 5, what is -1210400 - 43?
-1210443
In base 12, what is 756 + 22b8?
2a52
In base 9, what is 5 + 35451066?
35451072
In base 6, what is 2514411 - -2425?
2521240
In base 6, what is 1 - -110335354?
110335355
In base 6, what is -510213 - 3055?
-513312
In base 3, what is -222021 + 2120200?
1121102
In base 11, what is -3295 - 994?
-4179
In base 16, what is 4 - 63eea9?
-63eea5
In base 8, what is 3425 + -32555?
-27130
In base 9, what is 365638 + -24?
365614
In base 13, what is -3b9 - -420a?
3b21
In base 11, what is 34a2 - 613?
298a
In base 9, what is 13 + -23311837?
-23311824
In base 12, what is -5 - 1b40a8?
-1b40b1
In base 7, what is 25 - -53416444?
53416502
In base 8, what is -14406036 + 53?
-14405763
In base 2, what is -10011000 - 1101011001000010001?
-1101011001010101001
In base 4, what is 1320 - 320321101?
-320313121
In base 15, what is -8735 + -9c?
-87d2
In base 11, what is 49 + 63a98?
64036
In base 8, what is -1 - 615676626?
-615676627
In base 8, what is -24 + -2165027?
-2165053
In base 7, what is -3156 + -3140?
-6326
In base 11, what is 1234484 + 107?
1234590
In base 13, what is -23 + 3c9942?
3c991c
In base 8, what is 1661035 + -3?
1661032
In base 4, what is -12120021 - -1030?
-12112331
In base 4, what is -1111012113221 + 30?
-1111012113131
In base 7, what is 2114404165 + 3?
2114404201
In base 5, what is 10014 - 1033224?
-1023210
In base 3, what is -1010 + 1121120200010202?
1121120200002122
In base 12, what is -1202a932 + 1?
-1202a931
In base 2, what is -10100110011100111100010 + 100110?
-10100110011100110111100
In base 6, what is -2425 - -5210514?
5204045
In base 13, what is 0 + -2401391?
-2401391
In base 3, what is -1200101000012 - -112?
-1200100222200
In base 4, what is -1110203331303 + 11?
-1110203331232
In base 10, what is -32808926 - -3?
-32808923
In base 3, what is -100212 + -210212001?
-211012220
In base 11, what is 697153 - 3?
697150
In base 3, what is 1021221 + -12020120?
-10221122
In base 16, what is a88 - -876?
12fe
In base 12, what is 0 + b947ba?
b947ba
In base 15, what is ae8e + -840?
a64e
In base 10, what is 0 - -20126693?
20126693
In base 14, what is 4bd0 + 1150?
5d40
In base 8, what is 2510 - -15715?
20425
In base 7, what is 46413 - -1420?
51133
In base 15, what is 56 - 83d56?
-83d00
In base 15, what is 9a47 + d8b?
a8d3
In base 12, what is 3 - -15b768?
15b76b
In base 6, what is -4500 + -2043313?
-2052213
In base 16, what is -22d4a38 + 2?
-22d4a36
In base 13, what is -b + -2c4?
-302
In base 12, what is -381aa81 - 3?
-381aa84
In base 13, what is -66 - -1022c55?
1022bbc
In base 5, what is 210310011 + 24?
210310040
In base 6, what is 14440025 + 15?
14440044
In base 2, what is -100100 + -100100100101100111?
-100100100110001011
In base 10, what is 5 + -107763641?
-107763636
In base 9, what is 66 + -2361?
-2284
In base 10, what is 2 - -4838759?
4838761
In base 12, what is 296a14 - 89a?
296136
In base 12, what is 24a + -89790?
-89542
In base 11, what is -58026 + -11?
-58037
In base 3, what is 21000100111 + 1110202?
21001211020
In base 9, what is 5 + -33534542?
-33534536
In base 16, what is 1384 + -5424?
-40a0
In base 8, what is -625035 - 334?
-625371
In base 16, what is 8d - -ff38?
ffc5
In base 5, what is 12 + -221420112?
-221420100
In base 8, what is 601661 - -4172?
606053
In base 4, what is -111313 - 2103212?
-2221131
In base 5, what is 114 - 14113120?
-14113001
In base 5, what is 30221 + 332043?
412314
In base 7, what is 2 - -1305600062?
1305600064
In base 2, what is -10111110111011111001101 + -101?
-10111110111011111010010
In base 4, what is -21 - -20123023303?
20123023222
In base 8, what is -2456552 + -510?
-2457262
In base 11, what is 1a - 72a0761?
-72a0742
In base 13, what is 283b - -18c?
29ca
In base 8, what is 76143100 + 3?
76143103
In base 11, what is 22 + 865685?
8656a7
In base 2, what is 1010011 + -10111100100000110000001?
-10111100100000100101110
In base 9, what is -1477 + -233875?
-235463
In base 12, what is 2164a - 137?
21513
In base 10, what is 5559376 - -2?
5559378
In base 6, what is 13223 - 1425444?
-1412221
In base 6, what is 1153501 + -1351?
1152110
In base 16, what is 242f + 261e?
4a4d
In base 6, what is 3 - 1105542044?
-1105542041
In base 10, what is -254157949 - 5?
-254157954
In base 5, what is 3301244 - 23032?
3223212
In base 14, what is -25bb3d35 - 2?
-25bb3d37
In base 13, what is 4500 + -233?
429a
In base 2, what is -1110001111111000 + 1100010110010?
-1100101101000110
In base 12, what is -b - 2a4290?
-2a429b
In base 12, what is 41901 + -5b8?
41305
In base 11, what is -54438 + -46a0?
-59028
In base 11, what is 170033 - -329?
170361
In base 15, what is 5b6c91 - d?
5b6c83
In base 14, what is -102ac4 - -106?
-1029bc
In base 6, what is -1 - 5004511100?
-5004511101
In base 11, what is 55 + 118520?
118575
In base 6, what is 2 - 35233315?
-35233313
In base 9, what is 1 + -5424535?
-5424534
In base 11, what is -2108154a + -7?
-21081556
In base 11, what is -1366092 - 2?
-1366094
In base 7, what is 5534 - -100211?
106045
In base 10, what is 24251 + 7?
24258
In base 5, what is 44243201 - 20342?
44222304
In base 2, what is -1 + -1001000101001011010100011110?
-1001000101001011010100011111
In base 9, what is -82 - 824171?
-824263
In base 14, what is 4 + -137ac34?
-137ac30
In base 11, what is -5290348 - -3?
-5290345
In base 4, what is -11021212002 + -13?
-11021212021
In base 10, what is 781847765 + -4?
781847761
In base 2, what is -1000000100010 + 100101000?
-111011111010
In base 14, what is -459 + 30291?
2dc36
In base 15, what is -8b1 - -1318?
957
In base 15, what is 22 - -7b5b4?
7b5d6
In base 14, what is -7c65bc - -113?
-7c64a9
In base 8, what is -17623732 + 5?
-17623725
In base 6, what is 1052 - -213300?
214352
In base 12, what is 14 + 3398952?
3398966
In base 10, what is -1088 + -35483?
-36571
In base 4, what is -10 - -110302010310?
110302010300
In base 14, what is 1352 + 64d?
19a1
In base 8, what is -104 - 1102437?
-1102543
In base 8, what is 1 - -23562552?
23562553
In base 8, what is 3 - 6226340?
-6226335
In base 13, what is 5 + 43369ba?
43369c2
In base 7, what is -3 - 23266003?
-23266006
In base 9, what is -2 + 203280522?
2032